{"id":756,"date":"2025-06-09T18:01:39","date_gmt":"2025-06-09T21:01:39","guid":{"rendered":"https:\/\/transformare.direito.ufmg.br\/?page_id=756"},"modified":"2025-09-11T13:03:20","modified_gmt":"2025-09-11T16:03:20","slug":"nossos-servicos","status":"publish","type":"page","link":"https:\/\/transformare.direito.ufmg.br\/?page_id=756","title":{"rendered":"Nossos Servi\u00e7os"},"content":{"rendered":"\n<h2 class=\"wp-block-heading\"><br>Servi\u00e7o 1: Conectando Neg\u00f3cios a Oportunidades- Prospec\u00e7\u00e3o de Clientes<\/h2>\n\n\n\n<p>Atrair novos clientes e expandir seu neg\u00f3cio pode parecer um desafio mas voc\u00ea n\u00e3o precisa <strong>enfrentar <\/strong>isso sozinho. Na Transformare Consultoria Jr., transformamos a<strong> prospec\u00e7\u00e3o<\/strong> em uma experi\u00eancia <strong>estrat\u00e9gica<\/strong>, inteligente e <strong>sob medida<\/strong> para o que voc\u00ea precisa.<\/p>\n\n\n\n<p>Somos uma empresa j\u00fanior do curso de Ci\u00eancias do Estado da UFMG, formada por estudantes que unem conhecimento acad\u00eamico, metodologias \u00e1geis e um olhar<strong> inovador <\/strong>para criar <strong>solu\u00e7\u00f5es acess\u00edveis e eficazes<\/strong>. Nosso prop\u00f3sito \u00e9 simples: fazer sua empresa <strong>crescer com consist\u00eancia<\/strong> e resultados reais.<br><\/p>\n\n\n\n<h2 class=\"wp-block-heading\">Como ajudamos voc\u00ea a crescer<\/h2>\n\n\n\n<p>? <strong>Prospec\u00e7\u00e3o Completa:<\/strong> Deixe o trabalho pesado com a gente! Buscamos e qualificamos contatos estrat\u00e9gicos para que voc\u00ea foque no que faz melhor: vender e crescer.<\/p>\n\n\n\n<p>? <strong>Mentoria Completa: <\/strong>Quer ganhar autonomia? A gente te ensina a estruturar, planejar e executar a prospec\u00e7\u00e3o, formando equipes preparadas para conquistar clientes.<\/p>\n\n\n\n<p>? <strong>Guia Personalizado: <\/strong>Um verdadeiro mapa para o sucesso da sua empresa: conte\u00fados exclusivos, modelos pr\u00e1ticos e ferramentas que v\u00e3o facilitar o dia a dia.<\/p>\n\n\n\n<p>? <strong>Diagn\u00f3stico e Melhorias:<\/strong> J\u00e1 tem um processo de prospec\u00e7\u00e3o, mas sente que pode melhorar? Vamos analisar tudo de perto e entregar solu\u00e7\u00f5es para potencializar seus resultados.<\/p>\n\n\n\n<h2 class=\"wp-block-heading\">Por que escolher a Transformare?<\/h2>\n\n\n\n<p>Na Transformare, acreditamos em solu\u00e7\u00f5es personalizadas. <strong>Nada de f\u00f3rmulas prontas: <\/strong>cada estrat\u00e9gia \u00e9 desenhada para a realidade do seu neg\u00f3cio. Trabalhamos com metodologias \u00e1geis<strong> (Scrum)<\/strong>, entregas <strong>r\u00e1pidas<\/strong> e acompanhamento<strong> pr\u00f3ximo<\/strong>, sempre com foco em resultados palp\u00e1veis.<\/p>\n\n\n\n<h2 class=\"wp-block-heading\">Servi\u00e7o 2: Voc\u00ea conhece o Mapeamento de Atores Assertivos?<\/h2>\n\n\n\n<p>Trata-se de um servi\u00e7o que identifica <strong>pessoas, informa\u00e7\u00f5es e institui\u00e7\u00f5es estrat\u00e9gicas para o projeto do cliente,<\/strong> com base em crit\u00e9rios como alinhamento de interesses, capacidade de influ\u00eancia e potencial de parceria. Partimos da <strong>dor do cliente,<\/strong> desenvolvemos o processo em <strong>conjunto <\/strong>e entregamos um ou mais <strong>pilotos<\/strong>. Todo o desenvolvimento \u00e9 feito de forma <strong>colaborativa<\/strong>, com o cliente participando <strong>ativamente <\/strong>e contribuindo com <strong>feedbacks<\/strong>. Tamb\u00e9m oferecemos <strong>acompanhamento cont\u00ednuo <\/strong>ao longo do projeto.<\/p>\n\n\n\n<h2 class=\"wp-block-heading\"><strong>Como \u00e9 a entrega do servi\u00e7o?<\/strong><\/h2>\n\n\n\n<p>A entrega \u00e9 <strong>personalizada <\/strong>de acordo com as <strong>necessidades <\/strong>do <strong>cliente<\/strong>, podendo ser feita em formato de relat\u00f3rio, planilha ou outra ferramenta adequada. O servi\u00e7o inclui a entrega de um <strong>piloto <\/strong>para alinhamento inicial, coleta de <strong>feedbacks <\/strong>ao longo do processo e contato direto com o cliente para <strong>atualiza\u00e7\u00f5es <\/strong>sobre o andamento do produto. Al\u00e9m disso, s\u00e3o aplicados formul\u00e1rios de feedback peri\u00f3dicos e realizada uma <strong>reuni\u00e3o final de entrega.<\/strong> Os prazos s\u00e3o definidos em <strong>conjunto <\/strong>com o <strong>cliente<\/strong>, respeitando suas <strong>demandas <\/strong>e <strong>prioridades<\/strong>.<\/p>\n\n\n\n<h2 class=\"wp-block-heading\"><strong>Or\u00e7amentos<\/strong><\/h2>\n\n\n\n<p>Oferecemos <strong>or\u00e7amentos personalizados,<\/strong> elaborados de acordo com as necessidades <strong>espec\u00edficas <\/strong>de cada cliente. Para mais informa\u00e7\u00f5es ou para solicitar um or\u00e7amento, <strong>entre em contato via e-mail solicitando um or\u00e7amento:<\/strong><\/p>\n\n\n\n<p>? transformarejr@gmail.com <\/p>\n\n\n\n<h2 class=\"wp-block-heading\">Esperamos voc\u00ea!<\/h2>\n\n\n\n<p><\/p>\n","protected":false},"excerpt":{"rendered":"<p>Servi\u00e7o 1: Conectando Neg\u00f3cios a Oportunidades- Prospec\u00e7\u00e3o de Clientes Atrair novos clientes e expandir seu neg\u00f3cio pode parecer um desafio mas voc\u00ea n\u00e3o precisa enfrentar isso sozinho. Na Transformare Consultoria Jr., transformamos a prospec\u00e7\u00e3o em uma experi\u00eancia estrat\u00e9gica, inteligente e sob medida para o que voc\u00ea precisa. Somos uma empresa [&hellip;]<\/p>\n","protected":false},"author":8,"featured_media":0,"parent":0,"menu_order":0,"comment_status":"closed","ping_status":"closed","template":"","meta":{"footnotes":""},"class_list":["post-756","page","type-page","status-publish","hentry"],"_links":{"self":[{"href":"https:\/\/transformare.direito.ufmg.br\/index.php?rest_route=\/wp\/v2\/pages\/756","targetHints":{"allow":["GET"]}}],"collection":[{"href":"https:\/\/transformare.direito.ufmg.br\/index.php?rest_route=\/wp\/v2\/pages"}],"about":[{"href":"https:\/\/transformare.direito.ufmg.br\/index.php?rest_route=\/wp\/v2\/types\/page"}],"author":[{"embeddable":true,"href":"https:\/\/transformare.direito.ufmg.br\/index.php?rest_route=\/wp\/v2\/users\/8"}],"replies":[{"embeddable":true,"href":"https:\/\/transformare.direito.ufmg.br\/index.php?rest_route=%2Fwp%2Fv2%2Fcomments&post=756"}],"version-history":[{"count":5,"href":"https:\/\/transformare.direito.ufmg.br\/index.php?rest_route=\/wp\/v2\/pages\/756\/revisions"}],"predecessor-version":[{"id":846,"href":"https:\/\/transformare.direito.ufmg.br\/index.php?rest_route=\/wp\/v2\/pages\/756\/revisions\/846"}],"wp:attachment":[{"href":"https:\/\/transformare.direito.ufmg.br\/index.php?rest_route=%2Fwp%2Fv2%2Fmedia&parent=756"}],"curies":[{"name":"wp","href":"https:\/\/api.w.org\/{rel}","templated":true}]}}